{"id":69,"date":"2023-07-17T13:32:26","date_gmt":"2023-07-17T13:32:26","guid":{"rendered":"https:\/\/machico.cway.pt\/?page_id=69"},"modified":"2023-07-27T17:32:30","modified_gmt":"2023-07-27T17:32:30","slug":"sensor-2","status":"publish","type":"page","link":"https:\/\/machico.cway.pt\/?page_id=69","title":{"rendered":"Andorinhas"},"content":{"rendered":"\n    \n    <section class=\"u-clearfix u-grey-10 u-section-2\" id=\"sec-4eaa\">\n      <div class=\"u-clearfix u-sheet u-valign-middle u-sheet-1\">\n        <h5 class=\"u-text u-text-custom-color-4 u-text-1\">\n          <span style=\"font-weight: 700;\">SENSOR :&nbsp;<span style=\"font-weight: 400;\"> Andorinhas<\/span>\n          <\/span>\n          <br>\n          <span style=\"font-weight: 700;\">LOCALIZA\u00c7\u00c3O<\/span> : Rua Dr. Jo\u00e3o Abel Freitas&nbsp; <br>\n          <span style=\"font-weight: 700;\">TIPO<\/span> : Video Anal\u00edtico<br>\n          <span style=\"font-weight: 700;\">DADOS :&nbsp;TOTAL DIA ANTERIOR<\/span>\n        <\/h5>\n        <div class=\"u-clearfix u-layout-wrap u-white u-layout-wrap-1\">\n          <div class=\"u-gutter-0 u-layout\">\n            <div class=\"u-layout-col\">\n              <div class=\"u-size-20\">\n                <div class=\"u-layout-row\">\n                  <div class=\"u-container-style u-layout-cell u-size-15 u-layout-cell-1\">\n                    <div class=\"u-container-layout u-container-layout-1\">\n                      <div class=\"u-clearfix u-custom-html u-custom-html-1\">\n                        <iframe loading=\"lazy\" src=\"https:\/\/iot2.cway.pt\/d-solo\/3cZI85C4z\/gerais?orgId=3&amp;refresh=2h&amp;from=now-1d\/d&amp;to=now-1d\/d&amp;panelId=22\" width=\"175\" height=\"175\" frameborder=\"0\"><\/iframe>\n                      <\/div>\n                    <\/div>\n                  <\/div>\n                  <div class=\"u-container-style u-layout-cell u-size-15 u-layout-cell-2\">\n                    <div class=\"u-container-layout u-valign-top u-container-layout-2\">\n                      <div class=\"u-clearfix u-custom-html u-custom-html-2\">\n                        <iframe loading=\"lazy\" src=\"https:\/\/iot2.cway.pt\/d-solo\/3cZI85C4z\/gerais?orgId=3&amp;refresh=2h&amp;from=now-1d\/d&amp;to=now-1d\/d&amp;panelId=23\" width=\"175\" height=\"175\" frameborder=\"0\"><\/iframe>\n                      <\/div>\n                    <\/div>\n                  <\/div>\n                  <div class=\"u-container-style u-layout-cell u-size-15 u-layout-cell-3\">\n                    <div class=\"u-container-layout u-container-layout-3\">\n                      <div class=\"u-clearfix u-custom-html u-expanded-width u-custom-html-3\">\n                        <iframe loading=\"lazy\" src=\"https:\/\/iot2.cway.pt\/d-solo\/3cZI85C4z\/gerais?orgId=3&amp;refresh=2h&amp;from=now-1d\/d&amp;to=now-1d\/d&amp;panelId=24\" width=\"175\" height=\"175\" frameborder=\"0\"><\/iframe>\n                      <\/div>\n                    <\/div>\n                  <\/div>\n                  <div class=\"u-container-style u-layout-cell u-size-15 u-layout-cell-4\">\n                    <div class=\"u-container-layout u-valign-top u-container-layout-4\">\n                      <div class=\"u-clearfix u-custom-html u-custom-html-4\">\n                        <iframe loading=\"lazy\" src=\"https:\/\/iot2.cway.pt\/d-solo\/3cZI85C4z\/gerais?orgId=3&amp;refresh=2h&amp;from=now-1d\/d&amp;to=now-1d\/d&amp;panelId=25\" width=\"175\" height=\"175\" frameborder=\"0\"><\/iframe>\n                      <\/div>\n                    <\/div>\n                  <\/div>\n                <\/div>\n              <\/div>\n              <div class=\"u-size-20\">\n                <div class=\"u-layout-row\">\n                  <div class=\"u-container-style u-layout-cell u-size-15 u-layout-cell-5\">\n                    <div class=\"u-container-layout u-container-layout-5\">\n                      <div class=\"u-clearfix u-custom-html u-expanded-width u-custom-html-5\">\n                        <iframe loading=\"lazy\" src=\"https:\/\/iot2.cway.pt\/d-solo\/3cZI85C4z\/gerais?orgId=3&amp;refresh=2h&amp;from=now-1d\/d&amp;to=now-1d\/d&amp;panelId=26\" width=\"175\" height=\"175\" frameborder=\"0\"><\/iframe>\n                      <\/div>\n                    <\/div>\n                  <\/div>\n                  <div class=\"u-container-style u-layout-cell u-size-15 u-layout-cell-6\">\n                    <div class=\"u-container-layout u-container-layout-6\">\n                      <div class=\"u-clearfix u-custom-html u-expanded-width u-custom-html-6\">\n                        <iframe loading=\"lazy\" src=\"https:\/\/iot2.cway.pt\/d-solo\/3cZI85C4z\/gerais?orgId=3&amp;refresh=2h&amp;from=now-1d\/d&amp;to=now-1d\/d&amp;panelId=27\" width=\"175\" height=\"175\" frameborder=\"0\"><\/iframe>\n                      <\/div>\n                    <\/div>\n                  <\/div>\n                  <div class=\"u-container-style u-layout-cell u-size-15 u-layout-cell-7\">\n                    <div class=\"u-container-layout u-container-layout-7\">\n                      <div class=\"u-clearfix u-custom-html u-expanded-width u-custom-html-7\">\n                        <iframe loading=\"lazy\" src=\"https:\/\/iot2.cway.pt\/d-solo\/3cZI85C4z\/gerais?orgId=3&amp;refresh=2h&amp;from=now-1d\/d&amp;to=now-1d\/d&amp;panelId=28\" width=\"175\" height=\"175\" frameborder=\"0\"><\/iframe>\n                      <\/div>\n                    <\/div>\n                  <\/div>\n                  <div class=\"u-container-style u-layout-cell u-size-15 u-layout-cell-8\">\n                    <div class=\"u-container-layout u-container-layout-8\">\n                      <div class=\"u-clearfix u-custom-html u-expanded-width u-custom-html-8\">\n                        <iframe loading=\"lazy\" src=\"https:\/\/iot2.cway.pt\/d-solo\/3cZI85C4z\/gerais?orgId=3&amp;refresh=2h&amp;from=now-1d\/d&amp;to=now-1d\/d&amp;panelId=30\" width=\"175\" height=\"175\" frameborder=\"0\"><\/iframe>\n                      <\/div>\n                    <\/div>\n                  <\/div>\n                <\/div>\n              <\/div>\n              <div class=\"u-size-20\">\n                <div class=\"u-layout-row\">\n                  <div class=\"u-container-style u-layout-cell u-size-15 u-layout-cell-9\">\n                    <div class=\"u-container-layout u-valign-top u-container-layout-9\">\n                      <div class=\"u-clearfix u-custom-html u-custom-html-9\">\n                        <iframe loading=\"lazy\" src=\"https:\/\/iot2.cway.pt\/d-solo\/3cZI85C4z\/gerais?orgId=3&amp;refresh=2h&amp;from=now-1d\/d&amp;to=now-1d\/d&amp;panelId=29\" width=\"175\" height=\"175\" frameborder=\"0\"><\/iframe>\n                      <\/div>\n                    <\/div>\n                  <\/div>\n                  <div class=\"u-container-style u-layout-cell u-size-15 u-layout-cell-10\">\n                    <div class=\"u-container-layout u-container-layout-10\">\n                      <div class=\"u-clearfix u-custom-html u-expanded-width u-custom-html-10\">\n                        <iframe loading=\"lazy\" src=\"https:\/\/iot2.cway.pt\/d-solo\/3cZI85C4z\/gerais?orgId=3&amp;refresh=2h&amp;from=now-1d\/d&amp;to=now-1d\/d&amp;panelId=31\" width=\"175\" height=\"175\" frameborder=\"0\"><\/iframe>\n                      <\/div>\n                    <\/div>\n                  <\/div>\n                  <div class=\"u-container-style u-layout-cell u-size-15 u-layout-cell-11\">\n                    <div class=\"u-container-layout u-container-layout-11\">\n                      <div class=\"u-clearfix u-custom-html u-expanded-width u-custom-html-11\"><\/div>\n                      <div class=\"u-clearfix u-custom-html u-custom-html-12\">\n                        <iframe loading=\"lazy\" src=\"https:\/\/iot2.cway.pt\/d-solo\/3cZI85C4z\/gerais?orgId=3&amp;refresh=2h&amp;from=now-1d\/d&amp;to=now-1d\/d&amp;panelId=32\" width=\"175\" height=\"175\" frameborder=\"0\"><\/iframe>\n                      <\/div>\n                    <\/div>\n                  <\/div>\n                  <div class=\"u-container-style u-layout-cell u-size-15 u-layout-cell-12\">\n                    <div class=\"u-container-layout u-container-layout-12\">\n                      <div class=\"u-clearfix u-custom-html u-expanded-width u-custom-html-13\"><\/div>\n                    <\/div>\n                  <\/div>\n                <\/div>\n              <\/div>\n            <\/div>\n          <\/div>\n        <\/div>\n      <\/div>\n    <\/section>\n    <section class=\"u-clearfix u-custom-color-3 u-section-3\" id=\"sec-3700\">\n      <div class=\"u-clearfix u-sheet u-sheet-1\">\n        <h5 class=\"u-text u-text-custom-color-4 u-text-1\">\n          <span style=\"font-weight: 700;\">SENSOR :&nbsp;<span style=\"font-weight: 400;\"> Andorinhas<\/span>\n          <\/span>\n          <br>\n          <span style=\"font-weight: 700;\">LOCALIZA\u00c7\u00c3O<\/span> : Rua Dr. Jo\u00e3o Abel Freitas&nbsp; <br>\n          <span style=\"font-weight: 700;\">TIPO<\/span> : Video Anal\u00edtico<br>\n          <span style=\"font-weight: 700;\">DADOS : VARIA\u00c7\u00c3O TOTAL ACUMULADA<\/span>\n        <\/h5>\n        <div class=\"u-clearfix u-custom-html u-custom-html-1\">\n          <iframe loading=\"lazy\" src=\"https:\/\/iot2.cway.pt\/d\/3cZI85C4z\/gerais?orgId=3&amp;viewPanel=89&amp;kiosk=tv\" width=\"950\" height=\"500\" frameborder=\"0\"><\/iframe>\n        <\/div>\n        <div class=\"u-custom-color-3 u-shape u-shape-rectangle u-shape-1\"><\/div>\n        <div class=\"u-custom-color-3 u-shape u-shape-rectangle u-shape-2\"><\/div>\n        <h5 class=\"u-text u-text-custom-color-4 u-text-2\">\n          <span style=\"font-weight: 700;\">SENSOR :&nbsp;<span style=\"font-weight: 400;\"> Andorinhas<\/span>\n          <\/span>\n          <br>\n          <span style=\"font-weight: 700;\">LOCALIZA\u00c7\u00c3O<\/span> : Rua Dr. Jo\u00e3o Abel Freitas&nbsp; <br>\n          <span style=\"font-weight: 700;\">TIPO<\/span> : Video Anal\u00edtico<br>\n          <span style=\"font-weight: 700;\">DADOS : VARIA\u00c7\u00c3O TOTAL TEMPORAL&nbsp;<\/span>\n        <\/h5>\n        <div class=\"u-clearfix u-custom-html u-custom-html-2\">\n          <iframe loading=\"lazy\" src=\"https:\/\/iot2.cway.pt\/d\/3cZI85C4z\/gerais?orgId=3&amp;viewPanel=4&amp;kiosk=tv\" width=\"950\" height=\"500\" frameborder=\"0\"><\/iframe>\n        <\/div>\n        <div class=\"u-custom-color-3 u-shape u-shape-rectangle u-shape-3\"><\/div>\n        <div class=\"u-custom-color-3 u-shape u-shape-rectangle u-shape-4\"><\/div>\n        <h5 class=\"u-text u-text-custom-color-4 u-text-3\">\n          <span style=\"font-weight: 700;\">SENSOR :&nbsp;<span style=\"font-weight: 400;\"> Andorinhas<\/span>\n          <\/span>\n          <br>\n          <span style=\"font-weight: 700;\">LOCALIZA\u00c7\u00c3O<\/span> : Rua Dr. Jo\u00e3o Abel Freitas&nbsp; <br>\n          <span style=\"font-weight: 700;\">TIPO<\/span> : Video Anal\u00edtico<br>\n          <span style=\"font-weight: 700;\">DADOS : VARIA\u00c7\u00c3O HORARIA<\/span>\n        <\/h5>\n        <div class=\"u-clearfix u-custom-html u-custom-html-3\">\n          <iframe loading=\"lazy\" src=\"https:\/\/iot2.cway.pt\/d\/3cZI85C4z\/gerais?orgId=3&amp;viewPanel=12&amp;kiosk=tv\" width=\"950\" height=\"500\" frameborder=\"0\"><\/iframe>\n        <\/div>\n        <div class=\"u-custom-color-3 u-shape u-shape-rectangle u-shape-5\"><\/div>\n        <div class=\"u-custom-color-3 u-shape u-shape-rectangle u-shape-6\"><\/div>\n        <h5 class=\"u-text u-text-custom-color-4 u-text-4\">\n          <span style=\"font-weight: 700;\">SENSOR :&nbsp;<span style=\"font-weight: 400;\"> Andorinhas<\/span>\n          <\/span>\n          <br>\n          <span style=\"font-weight: 700;\">LOCALIZA\u00c7\u00c3O<\/span> : Rua Dr. Jo\u00e3o Abel Freitas&nbsp; <br>\n          <span style=\"font-weight: 700;\">TIPO<\/span> : Video Anal\u00edtico<br>\n          <span style=\"font-weight: 700;\">DADOS : LISTAGEM DETALHADA<\/span>\n        <\/h5>\n        <div class=\"u-clearfix u-custom-html u-custom-html-4\">\n          <iframe loading=\"lazy\" src=\"https:\/\/iot2.cway.pt\/d\/3cZI85C4z\/gerais?orgId=3&amp;viewPanel=13&amp;kiosk=tv\" width=\"950\" height=\"500\" frameborder=\"0\"><\/iframe>\n        <\/div>\n        <div class=\"u-custom-color-3 u-shape u-shape-rectangle u-shape-7\"><\/div>\n        <div class=\"u-custom-color-3 u-shape u-shape-rectangle u-shape-8\"><\/div>\n      <\/div>\n    <\/section>\n    \n    \n    \n    \n  \n","protected":false},"excerpt":{"rendered":"<p>SENSOR :&nbsp; Andorinhas LOCALIZA\u00c7\u00c3O : Rua Dr. Jo\u00e3o Abel Freitas&nbsp; TIPO : Video Anal\u00edtico DADOS :&nbsp;TOTAL DIA ANTERIOR SENSOR :&nbsp; Andorinhas LOCALIZA\u00c7\u00c3O : Rua Dr. Jo\u00e3o Abel Freitas&nbsp; TIPO : Video Anal\u00edtico DADOS : VARIA\u00c7\u00c3O TOTAL ACUMULADA SENSOR :&nbsp; Andorinhas LOCALIZA\u00c7\u00c3O : Rua Dr. Jo\u00e3o Abel Freitas&nbsp; TIPO : Video Anal\u00edtico DADOS : VARIA\u00c7\u00c3O TOTAL &hellip; <a href=\"https:\/\/machico.cway.pt\/?page_id=69\" class=\"more-link\">Continue reading<span class=\"screen-reader-text\"> &#8220;Andorinhas&#8221;<\/span><\/a><\/p>\n","protected":false},"author":1,"featured_media":0,"parent":0,"menu_order":0,"comment_status":"closed","ping_status":"closed","template":"","meta":{"footnotes":""},"class_list":["post-69","page","type-page","status-publish","hentry"],"_links":{"self":[{"href":"https:\/\/machico.cway.pt\/index.php?rest_route=\/wp\/v2\/pages\/69","targetHints":{"allow":["GET"]}}],"collection":[{"href":"https:\/\/machico.cway.pt\/index.php?rest_route=\/wp\/v2\/pages"}],"about":[{"href":"https:\/\/machico.cway.pt\/index.php?rest_route=\/wp\/v2\/types\/page"}],"author":[{"embeddable":true,"href":"https:\/\/machico.cway.pt\/index.php?rest_route=\/wp\/v2\/users\/1"}],"replies":[{"embeddable":true,"href":"https:\/\/machico.cway.pt\/index.php?rest_route=%2Fwp%2Fv2%2Fcomments&post=69"}],"version-history":[{"count":21,"href":"https:\/\/machico.cway.pt\/index.php?rest_route=\/wp\/v2\/pages\/69\/revisions"}],"predecessor-version":[{"id":203,"href":"https:\/\/machico.cway.pt\/index.php?rest_route=\/wp\/v2\/pages\/69\/revisions\/203"}],"wp:attachment":[{"href":"https:\/\/machico.cway.pt\/index.php?rest_route=%2Fwp%2Fv2%2Fmedia&parent=69"}],"curies":[{"name":"wp","href":"https:\/\/api.w.org\/{rel}","templated":true}]}}